671589 prime?
False
Is 5856287 a prime number?
True
Is 635381 a prime number?
False
Is 26364893 composite?
False
Is 388066821 composite?
True
Is 183985829 a composite number?
False
Is 3758761 composite?
False
Is 12514589 composite?
False
Is 4460095 prime?
False
Is 226147 a composite number?
True
Is 4338199 a composite number?
False
Is 1141661 composite?
False
Is 15760903 composite?
True
Is 919781 a composite number?
False
Is 5488915 prime?
False
Is 6709949 prime?
True
Is 2196331 composite?
False
Is 4517651 composite?
False
Is 36027337 composite?
True
Is 10013587 composite?
True
Is 227755861 a prime number?
False
Is 26890433 a composite number?
False
Is 48523577 prime?
True
Is 235434601 a composite number?
True
Is 824741987 a composite number?
True
Is 106864811 composite?
False
Is 23970769 prime?
False
Is 408385321 composite?
False
Is 320055157 composite?
True
Is 50376337 a prime number?
False
Is 3788965 a prime number?
False
Is 218784365 a composite number?
True
Is 10591019 prime?
True
Is 39086783 a prime number?
True
Is 1024667 prime?
False
Is 31850417 a composite number?
False
Is 900503 a composite number?
True
Is 26128601 a prime number?
True
Is 152313203 prime?
False
Is 505919 composite?
False
Is 7241723 a prime number?
True
Is 327948911 a composite number?
True
Is 1396789 prime?
True
Is 377912371 composite?
False
Is 40914353 composite?
True
Is 16390321 prime?
True
Is 1819229 composite?
True
Is 246688439 a composite number?
True
Is 649361 prime?
True
Is 12800707 a composite number?
False
Is 302723 prime?
True
Is 4050647 prime?
True
Is 10193583 a prime number?
False
Is 7379167 a prime number?
True
Is 1337023 a composite number?
False
Is 794879 composite?
False
Is 640727 composite?
False
Is 3593591 composite?
True
Is 59240477 a composite number?
False
Is 11256491 composite?
False
Is 16765807 a prime number?
True
Is 2346521 composite?
False
Is 3832949 a prime number?
True
Is 22827799 prime?
False
Is 27819019 prime?
True
Is 7321177 composite?
True
Is 979441 a composite number?
True
Is 2785241 a composite number?
False
Is 671519 a composite number?
False
Is 4804153 a prime number?
False
Is 3532735 composite?
True
Is 961927 a prime number?
True
Is 17494457 composite?
False
Is 11937847 a prime number?
False
Is 22272034 prime?
False
Is 7513221 a prime number?
False
Is 61801589 composite?
False
Is 1581857 composite?
False
Is 227004513 composite?
True
Is 3640861 prime?
False
Is 1076719 prime?
False
Is 42488801 composite?
False
Is 36189553 composite?
False
Is 6371789 a composite number?
True
Is 27018886 a composite number?
True
Is 3103701 prime?
False
Is 2470553 a prime number?
True
Is 11593 a prime number?
True
Is 111817597 a prime number?
True
Is 1148431 a composite number?
True
Is 1949327 composite?
False
Is 20683939 composite?
True
Is 429521 a prime number?
True
Is 12134659 composite?
True
Is 23847797 composite?
True
Is 37517937 a prime number?
False
Is 54839429 prime?
False
Is 10608263 prime?
True
Is 253661 composite?
False
Is 17165297 prime?
True
Is 10096243 prime?
True
Is 3855619 a prime number?
False
Is 154780113 a prime number?
False
Is 36096077 prime?
True
Is 107973757 a prime number?
False
Is 24155902 prime?
False
Is 19602929 composite?
False
Is 4372223 prime?
False
Is 19587019 a prime number?
True
Is 209527211 a prime number?
True
Is 30326981 a composite number?
False
Is 14262811 a prime number?
True
Is 912375547 a composite number?
False
Is 873331 prime?
True
Is 8991893 a composite number?
False
Is 3771205 a prime number?
False
Is 8487473 prime?
False
Is 1234271 a composite number?
False
Is 1120947 composite?
True
Is 7667057 prime?
True
Is 893262863 prime?
True
Is 4334731 a prime number?
True
Is 71409527 prime?
False
Is 1331931067 a composite number?
False
Is 4142379 a composite number?
True
Is 7749727 prime?
True
Is 324527818 a prime number?
False
Is 5040505 a prime number?
False
Is 49801883 a prime number?
True
Is 399887 a prime number?
True
Is 10764293 prime?
True
Is 6845641 composite?
True
Is 4810163 prime?
True
Is 1513319 prime?
True
Is 20281879 prime?
True
Is 3955691 composite?
False
Is 132378343 composite?
False
Is 131389705 prime?
False
Is 128174789 a prime number?
True
Is 24645169 a prime number?
True
Is 19750463 prime?
True
Is 4071647 prime?
True
Is 7014907 a prime number?
False
Is 1355041 composite?
True
Is 146273887 a prime number?
True
Is 842530313 a composite number?
False
Is 202381 a composite number?
False
Is 565373693 a composite number?
True
Is 37609139 a prime number?
True
Is 84183254 composite?
True
Is 89805137 a composite number?
True
Is 6077699 composite?
True
Is 72567713 composite?
True
Is 12893729 prime?
True
Is 7849599 composite?
True
Is 178968793 composite?
False
Is 36552071 composite?
False
Is 874546 a composite number?
True
Is 324671 a prime number?
False
Is 719479 prime?
False
Is 1273919 prime?
True
Is 93426537 prime?
False
Is 42680779 composite?
True
Is 1850711 prime?
False
Is 34419061 composite?
True
Is 48161 prime?
False
Is 61955899 a prime number?
False
Is 3142549 a composite number?
True
Is 22908953 prime?
False
Is 113822993 a composite number?
False
Is 3939149 a prime number?
True
Is 4527305 a composite number?
True
Is 6221423 a composite number?
True
Is 346753411 a composite number?
False
Is 778169449 prime?
True
Is 39815723 prime?
False
Is 18396053 composite?
True
Is 66514834 composite?
True
Is 246126549 composite?
True
Is 6467723 composite?
False
Is 954797 prime?
False
Is 248069 prime?
False
Is 56642165 a composite number?
True
Is 6191389 a composite number?
False
Is 18653819 a prime number?
True
Is 1734209 composite?
True
Is 12391297 a prime number?
True
Is 47340827 a composite number?
False
Is 359694461 composite?
True
Is 2985431 a prime number?
True
Is 1639056065 a composite number?
True
Is 133552469 a prime number?
False
Is 95206999 a composite number?
True
Is 225116461 a composite number?
True
Is 41546837 a prime number?
True
Is 25642909 prime?
True
Is 157501489 composite?
True
Is 28352881 a prime number?
True
Is 120745321 a composite number?
True
Is 231379457 prime?
True
Is 20967797 composite?
False
Is 2352459 a prime number?
False
Is 36511313 a prime number?
False
Is 302291 a prime number?
False
Is 217619 composite?
False
Is 253782379 prime?
True
Is 1937603 a composite number?
False
Is 432567029 prime?
False
Is 1201403 a composite number?
True
Is 1065149 a composite number?
True
Is 1210351 composite?
False
Is 1527269 a prime number?
False
Is 41145043 a composite number?
False
Is 99597437 prime?
False
Is 14755129 a prime number?
True
Is 1797919 a prime number?
False
Is 16791169 a composite number?
True
Is 7136021 prime?
True
Is 7829813 a prime number?
False
Is 4766269 composite?
True
Is 41415679 a composite number?
False
Is 4116929 prime?
False
Is 5259299 a prime number?
False
Is 544321 a composite number?
True
Is 9367247 a composite number?
True
Is 4488889 a composite number?
True
Is 76496093 a composite number?
True
Is 7835753 composite?
False
Is 1228697 composite?
True
Is 37544333 a prime number?
False
Is 5040359 a prime number?
True
Is 300175899 prime?
False
Is 1315801 a composite number?
False
Is 192405931 prime?
False
Is 144624239 prime?
True
Is 122998567 a composite number?
False
Is 5759903 a prime number?
True
Is 33147749 composite?
False
Is 12045797 composite?
True
Is 4240823 a prime number?
True
Is 6006562 a composite number?
True
Is 41217689 prime?
True
Is 65249551 a prime number?
False
Is 900219 prime?
False
Is 1289213 composite?
False
Is 174142931 a prime number?
True
Is 1481353 composite?
False
Is 61467377 prime?
True
Is 658633 prime?
True
Is 4326917 a prime number?
False
Is 124853167 a composite number?
False
Is 162618385 composite?
True
Is 32691611 a composite number?
True
Is 2716771 a prime number?
True
Is 239540929 prime?
False
Is 14151281 composite?
False
Is 1842959 a prime number?
False
Is 4529557 composite?
True
Is 409634903 a prime number?
True
Is 115004543 composite?
False
Is 61646561 a prime number?
True
Is 215361611 a prime number?
True
Is 237177617 composite?
False
Is 49174991 composite?
False
Is 25433 a prime number?
False
Is 6278087 composite?
False
Is 127505923 prime?
False
Is 2089994287 composite?
False
Is 26792042 prime?
False
Is 2085689 composite?
True
Is 60